
Let m be (0 - (-3 + 2)) + 4. Suppose -3*i - m = 1, 3*b = -i - 11. What are the prime factors of ((-3)/b)/(6/72)?
2, 3
Suppose 0 = -6*s + 2*s + 8. Let f = s - -3. Suppose f*t + 74 = 6*t. What are the prime factors of t?
2, 37
Let f(o) = 81*o**2 + 2*o + 28. What are the prime factors of f(-3)?
751
Suppose -4*h + 0*h - 4216 = -4*q, -2*h - 3166 = -3*q. List the prime factors of q.
2, 23
Suppose -2*l = f - 572 - 767, -4*f + 3*l = -5367. What are the prime factors of f?
3, 149
Let l = 424 + -190. List the prime factors of l.
2, 3, 13
Let a(t) = -2*t**3 - 10*t**2 + 7*t - 12. Let f be a(-9). Suppose -f - 767 = -5*n. Suppose -5*o + n = 48. What are the prime factors of o?
2, 11
Let u(s) = -s - 10. Let q be u(-13). What are the prime factors of (-97)/(-3 - (q + -5))?
97
Suppose -27450 = -188*a + 170*a. What are the prime factors of a?
5, 61
Let o(t) = 2*t - 6. Let a(z) be the second derivative of -2*z**3/3 + 11*z**2/2 + 7*z. Let q(p) = -3*a(p) - 5*o(p). What are the prime factors of q(12)?
3, 7
Let x(t) = 5*t**2 + 20*t + 109. What are the prime factors of x(16)?
1709
Suppose -q - 3*g = -496, 2*q + 0*g - 992 = 2*g. List the prime factors of q.
2, 31
Suppose 0 = v - 139 - 91. What are the prime factors of v?
2, 5, 23
Let q be 4*((-74)/(-8) - 4). Let h = -17 + q. Suppose 0 = h*l - 5*l + 56. What are the prime factors of l?
2, 7
Suppose -12*c + 16*c = 16. Suppose 2*s - 4*n = 52, -c - 2 = -s - 2*n. List the prime factors of s.
2
Let p be -1*1/(-3)*12. Suppose -4*g + 568 = p*c, c - 319 - 243 = -4*g. List the prime factors of g.
2, 5, 7
Let h = 1074 + -681. List the prime factors of h.
3, 131
Let z be ((-9)/3 - -5)*1. Suppose 4*v - z*v = 2. List the prime factors of (-2 + (-4)/v)*-3.
2, 3
Suppose 1511 - 123 = t - 3*j, 0 = 2*t + 5*j - 2798. List the prime factors of t.
2, 17, 41
Let n be 4/(-6) + (4 - (-3136)/24). Suppose n = -6*y + 1160. What are the prime factors of y?
3, 19
Suppose -30*s + 18*s + 14736 = 0. List the prime factors of s.
2, 307
List the prime factors of ((-256)/(-336))/8 + 56990/42.
23, 59
Let f(p) = 16*p + 55. List the prime factors of f(5).
3, 5
Let i = -135 + 404. What are the prime factors of i?
269
Let k(r) = -2*r**3 - 3*r**2 - 2*r + 2. Let i = -8 - -5. Let v(n) = n**2 + 5*n + 3. Let l be v(i). List the prime factors of k(l).
5, 7
Let h(l) = l**3 + 4*l**2 - 11*l + 8. Let p be h(-6). Suppose 0 = 5*a - 2*u - 453, 0 = -3*a - p*a - 5*u + 460. List the prime factors of a.
7, 13
Suppose 0 = 5*g - 594 - 1631. List the prime factors of g.
5, 89
Suppose 2*j = -0 + 4. Suppose -3*b = j - 8. Suppose -6*i + b*i = -24. List the prime factors of i.
2, 3
Let z = 3857 + -1871. List the prime factors of z.
2, 3, 331
Suppose 2*c - 3*r = -0*r + 20, -c = r. Let m(t) = 2*t**2 + 14*t + 38. Let w be m(-3). Let f = w - c. What are the prime factors of f?
2, 5
Let r be ((-30)/8)/(5/(-20)). What are the prime factors of (r - 2)*(0 + 1)?
13
Let r(y) = y**2 + 8*y - 15. Let l be r(-10). Suppose 0 = l*b + 3*t - 281, -b + 5*t + 8 = -37. What are the prime factors of b?
5, 11
Suppose -5*u = -15, -5*f + 4*u - 18 = -6. Suppose 10*n - 9*n + 84 = f. Let z = n - -118. List the prime factors of z.
2, 17
Let c(a) = 163*a**2 - 38*a - 203. List the prime factors of c(-5).
2, 3, 677
Suppose 1828 + 4671 = 3*m - 2*r, 3*m + r - 6493 = 0. What are the prime factors of m?
5, 433
Let f(u) = -u**3 - 12*u**2 - 10*u + 15. What are the prime factors of f(-11)?
2
Suppose 125 = 2*y + 23. What are the prime factors of y?
3, 17
Let p(c) be the second derivative of 11*c**4/12 - 2*c**3/3 + c**2/2 + 33*c. List the prime factors of p(-3).
2, 7
List the prime factors of ((-27676)/(-55))/2*(4 + 1).
2, 17, 37
Let l be 14/4 - (-27)/(-18). List the prime factors of (-1 + 0 - -52) + l.
53
List the prime factors of (42/12 + -3)/((-1)/(-284)).
2, 71
Suppose 30 = -32*i + 38*i. Suppose 4*v + 2*s - 203 - 319 = 0, -25 = i*s. List the prime factors of v.
7, 19
Let c = 49 - -410. Suppose -c = 18*m - 21*m. Suppose t - 4*t - 3*z = -m, t - 47 = -3*z. What are the prime factors of t?
53
Suppose 0 = -0*q + 2*q - 2*j - 304, 0 = q + 3*j - 156. Suppose 0 = -313*w + 318*w. Suppose -v + 3 = -w*v, -q = -5*r + 4*v. List the prime factors of r.
3, 11
Let b = 6849 + -3339. List the prime factors of b.
2, 3, 5, 13
Let w(u) = -386*u + 2. What are the prime factors of w(-1)?
2, 97
Let g(m) = -35*m + 25. Let z(h) = -7*h + 5. Let d(f) = -2*g(f) + 11*z(f). What are the prime factors of d(-4)?
3, 11
Let o = 169 - -48. Let u be o/3 + 3/(-9). List the prime factors of 18/u - (-11)/4.
3
Suppose -239 - 23 = -5*o - 4*d, -4*d = -o + 62. Suppose -7*b + 6*b = -o. What are the prime factors of b?
2, 3
Let l be -2*(-2)/((-8)/(-10)). Suppose 1 = -l*b + 6, -3*b + 15 = -n. Let p = 6 - n. What are the prime factors of p?
2, 3
Suppose 0 = -a - 5*h - 20, 6 = 2*a - 4*h - 10. Suppose -10*p + 1184 + 896 = a. What are the prime factors of p?
2, 13
List the prime factors of 5284/6 + 16/48.
881
Let u(m) = 76*m + 5. Let b be u(4). Suppose -3*o = -0*o - b. List the prime factors of o.
103
Suppose -8*a + 3*a - 4*r + 4838 = 0, -3*a = 5*r - 2908. What are the prime factors of a?
2, 3, 7, 23
Let c(a) = a**2 + 2*a + 2. Let g be c(8). Let u = -34 + g. List the prime factors of u.
2, 3
Let a(p) = p**2 - 4*p + 6. Let m(d) = d**3 - 2*d**2 + d + 6. Let c be m(0). List the prime factors of a(c).
2, 3
Let i(c) = -38*c + 102. What are the prime factors of i(-12)?
2, 3, 31
Suppose 5*q = 3*t - 124, -5*q + 3 = -2. Let a = t - 26. List the prime factors of a.
17
What are the prime factors of (12939/(-171))/((-1)/39)?
13, 227
Suppose 4*h = 720 + 1756. What are the prime factors of h?
619
Suppose -2 - 3 = -l + 5*a, 0 = -a. Suppose l*h - 11 = 2*b, 4 - 1 = -3*b + 3*h. What are the prime factors of ((-26)/(-4) - 3)*b?
7
Suppose -9*k - 29 - 187 = 0. What are the prime factors of 16*39/k*-2?
2, 13
Let p(g) = -66*g - 361. List the prime factors of p(-15).
17, 37
Suppose -5*n = -8*n + 15. Suppose 0*c = n*c + 235. Let i = 67 + c. What are the prime factors of i?
2, 5
Suppose 0 = 5*k + 13 + 847. Let x = k + 67. List the prime factors of (-1 - 8/(-12))*x.
5, 7
Let z = -39 - -41. List the prime factors of (-2)/4*z*-123.
3, 41
Let k = -66 + 68. Suppose 2*w = -5*r + 229, 0 = k*w - 3*r - 147 - 58. List the prime factors of w.
107
Suppose -x - 3*a + 4 = 0, 2*a = -a. Suppose 0 = -3*j - 9, -x*m - 3*j + 2 = -j. What are the prime factors of m?
2
Let d = 958 + -506. List the prime factors of d.
2, 113
Let c(t) = 136*t**2 + 3*t + 1. List the prime factors of c(-1).
2, 67
Suppose 5*k + 3*u = 668, u - 632 = -3*k - 228. List the prime factors of k.
2, 17
Let d be 12/18 + 2/(-3). Suppose d = -b + 83 - 25. List the prime factors of b.
2, 29
Let b(t) = 19*t**2 + 11*t - 1. What are the prime factors of b(-8)?
7, 23
Let y = 41 + -40. Let l(o) = 126*o - 2. What are the prime factors of l(y)?
2, 31
What are the prime factors of 355/2*((20 - -9) + -3)?
5, 13, 71
Let r be 9*60/(-9) - 3. What are the prime factors of 35/(-2)*36/r?
2, 5
Suppose i = -3*i + 24. Let w(m) = m + 1. Let q(o) = 4*o + 5. Let n(s) = -2*q(s) + 10*w(s). What are the prime factors of n(i)?
2, 3
Suppose 4*b = -0*b + 5*i + 41, 4*b + 5*i - 71 = 0. Let h(o) = o**2 - 6*o - 26. List the prime factors of h(b).
2, 43
Let b = -10 + 6. Let x be (-4)/(-8) + (-106)/b. Let d = x + -2. What are the prime factors of d?
5
Let w be (16/(-6))/((-14)/21). Suppose -2*g = w*g - 474. List the prime factors of g.
79
Suppose 26 - 6 = 5*k, 3*k - 1946 = -y. What are the prime factors of y?
2, 967
Suppose -7652 - 34372 = -34*h. List the prime factors of h.
2, 3, 103
Suppose 0 = -5*y + 6*y - 854. What are the prime factors of y?
2, 7, 61
Let c(d) = -722*d - 10. List the prime factors of c(-1).
2, 89
Let c be 2 + 2/(-2) - 0. List the prime factors of 8 + -4 + 19/c.
23
What are the prime factors of (-11)/(-6 + (-267)/(-45))?
3, 5, 11
Suppose 3*u - 339 = -2*t, 3 - 544 = -3*t + 2*u. What are the prime factors of t?
3, 59
Let h be 2 - 1 - 1 - -225. Suppose -h = -0*y - 3*y. Suppose 3*l = -0*l + y. What are the prime factors of l?
5
Let q be ((-19)/(-3))/(6/(-36)). Let a = q - -64. Suppose 0 = 4*y - 12, 4*y - 108 = -5*m - a. What are the prime factors of m?
2, 7
Suppose c + 5*u = -3*c + 306, 3*c - 5*u - 212 = 0. What are the prime factors of c?
2, 37
Suppose -112 =